 3*z - z + 4*i - c = 0. Let f = z + -81. What is the highest common factor of f and 9?
9
Let k(q) = -q**3 - 9*q**2 - 15*q + 14. Let p be k(-8). Suppose 13*v = -p + 408. Calculate the greatest common factor of 65 and v.
13
Let n be 101 + 0/7 - (-8)/2. Let o = 455 - n. What is the greatest common factor of 14 and o?
14
Let k(r) = r**3 + 33*r**2 + 195*r + 54. Let t be k(-25). Calculate the highest common divisor of t and 1253.
179
Let q = -73 + 71. Let d be (-3 + 28)*(-1 - q). What is the highest common factor of d and 25?
25
Suppose -76 = -5*q + 4*m + 122, -27 = -q + 5*m. Let a(o) = 10*o + 15. Let s be a(-9). Let x = s - -89. Calculate the greatest common divisor of x and q.
14
Suppose 55*x - 4*g - 9961 = 50*x, 0 = -2*x - g + 3961. Calculate the highest common factor of x and 5.
5
Suppose g - 18 = -2*g. Let k = -98 - -160. Suppose 2*a + 4*r - 32 = 5*r, 3*a - k = -2*r. What is the highest common factor of g and a?
6
Let b be (-3)/(-12) - ((-413)/28 - 0). Suppose -4*s - 4*l = -175 + b, -2*s + 50 = -4*l. What is the greatest common divisor of s and 25?
5
Let d = 1001 - -5029. Calculate the highest common divisor of d and 15.
15
Suppose q + 4*h - 708 = 0, -38*q - 4*h - 2792 = -42*q. Calculate the highest common factor of q and 14.
14
Let q be 0/((-1)/(-1) - -2). Let r be (0/2)/(-3 - -2). Suppose 5*m - 82 = -2*d, q = -3*m + d - r*d + 47. What is the highest common divisor of 8 and m?
8
Suppose 5*s = 118 + 122. Suppose 4*y - 4*k - s = 0, -3*y + k + 27 = -3. What is the greatest common divisor of 342 and y?
9
Let r be (-3 - 1125/(-10))/(3/8). Let k be (-82)/(-123) - 3/((-9)/r). Let t = k - 77. Calculate the highest common divisor of 3 and t.
3
Suppose -z + 6*z - 3*o - 906 = 0, -908 = -5*z + 4*o. Let d(x) = -x**3 + 70*x**2 - 1103*x + 48. Let t be d(24). What is the highest common factor of z and t?
36
Let f(x) = -x**2 - 309*x + 321*x - 40 - x**2 + 3*x**2. Let p be f(-18). What is the greatest common divisor of 34 and p?
34
Let r = -337 - -354. Suppose 9 = 18*s - r*s. What is the highest common factor of s and 54?
9
Let d = 579 + -117. Calculate the highest common factor of d and 209.
11
Let q = 19 - -13. Suppose -5*t - 132*o + 460 = -130*o, 0 = 5*o - 50. What is the highest common divisor of q and t?
8
Let i(a) be the second derivative of a**5/20 + a**4/4 + a**3/6 - 5*a**2/2 - 57*a. Let y be i(2). Calculate the greatest common divisor of 272 and y.
17
Let b be (5/3)/(0 - 20/(-36)). What is the greatest common factor of b and 4143?
3
Let c be (10/(4 - 9))/((-1)/27). What is the greatest common factor of c and 10?
2
Let p(n) = n**3 + 16*n**2 + 13*n - 19. Let m be p(-15). Suppose -14*t + m*t = -18. Let j be (-1)/(2/t) - -5. What is the greatest common divisor of 8 and j?
2
Let c = -617 - -1193. Suppose -d + c = 3*d. Let h = -1495 + 1511. What is the greatest common factor of d and h?
16
Let d = 6043 + -6023. Calculate the greatest common factor of 62740 and d.
20
Suppose -5*n = -4*x - 61394, -36*x + 31*x = -3*n + 36839. Calculate the greatest common factor of n and 28.
14
Suppose -36 + 211 = 5*j. Suppose 3*s = d - 551, -5*d - s = 4*s - 2795. Let t = d + -312. What is the highest common factor of t and j?
35
Let n be -3 + (-4)/4*-107. Let x = n + -102. Suppose x*s = -2*k + 3*k - 329, -3*k - s = -952. Calculate the greatest common divisor of 29 and k.
29
Let a = -17825 + 17841. Suppose 2*u - 5*u + 2*w + 222 = 0, u = 3*w + 81. Calculate the greatest common factor of a and u.
8
Let s = -31 - -47. Let p be -83 + (-15)/(105/(-28)). Let a be 237/p - (-1 + 116)*-1. What is the highest common divisor of s and a?
16
Let a = 14575 - 14271. Let v = -24 + 62. Calculate the highest common divisor of v and a.
38
Let u be 1 + (-438)/(-4) - 47/94. What is the highest common factor of 8195 and u?
55
Suppose -3*p + 8*p - 1759 = -s, 0 = -2*p - 3*s + 714. Let g = 17 - 4. What is the highest common divisor of g and p?
13
Let n be -1072*(25/(-10))/(-5). Let d = -500 - n. Suppose 0 = -3*u + 79 - 25. What is the highest common divisor of u and d?
18
Let i(v) = -v**3 + 20*v**2 - 34*v - 29. Let h be i(18). Suppose -18 = -h*l + l. What is the highest common factor of 2 and l?
1
Suppose -11 + 8 = -k + 3*u, -2*u - 26 = -2*k. Suppose s - 4*g = k, s - 18 = 7*g - 4*g. Calculate the greatest common divisor of 54 and s.
18
Let i(n) be the third derivative of -n**4/24 - 7*n**3/2 + n**2. Let y be i(-6). Let o be 20/y*-3 - -11. Calculate the highest common divisor of o and 45.
15
Suppose 64*a - 2070 = 8682. Let c be -1 - -1 - (-96 + 0). Calculate the greatest common factor of c and a.
24
Let p be 513/72 + (-2)/16. Let u(k) = k**3 - 6*k**2 - 7*k - 4. Let d be u(p). Let z be d/(-2 - 12/(-8)). What is the greatest common divisor of 24 and z?
8
Suppose -6*d + 58 + 20 = 0. Let u = d + 6. Suppose -3*m + 12 = 0, 4*p - 92 = 2*p - 4*m. What is the highest common factor of u and p?
19
Let k(s) = -37*s + 11*s + 8 + 15. Let i be k(4). Let w be -2*(-2)/18 - 1926/i. Calculate the highest common factor of w and 36.
12
Let z = 23 - 11. Suppose -k - 2*k - 9 = 0. Let n(x) = x**3 + 5*x**2 + 3*x + 3. Let l be n(k). Calculate the highest common divisor of z and l.
12
Suppose -10 - 22 = -4*d. Suppose 0 = -r + 4*w - d, 4*r + w - 5*w = 4. Let v be 6/(r/((-44)/(-3))). Calculate the highest common factor of 2 and v.
2
Let m be (-1260)/(4/(3648/(-36))). What is the greatest common divisor of 80 and m?
80
Suppose 48*n - 76*n + 1904 = 0. Calculate the greatest common factor of 51 and n.
17
Suppose 3096 = 28*u - 12556. Suppose -4*k + 172 = -0*k. Calculate the highest common divisor of k and u.
43
Suppose 88 = 27*k - 263. What is the highest common divisor of k and 416?
13
Suppose -4*q = -428 - 504 - 108. What is the greatest common factor of 12 and q?
4
Let g = 4192 - 4185. What is the highest common factor of 224 and g?
7
Suppose x + 4*w = 4*x - 105, 5*x = -5*w + 140. Suppose 5*y - 81 = -x. Suppose y + 1915 = 11*m. Calculate the greatest common divisor of m and 70.
35
Let q = 4 - 26. Let z be (4 - q)/(1/2). Let j be z/(-91) + 298/7. What is the highest common factor of j and 14?
14
Suppose 3*w - w + 5*m = 46, w - 25 = -3*m. Let u = w + 40. Suppose -5*j - u = -233. What is the highest common factor of 4 and j?
4
Let w = -4371 - -5683. Calculate the highest common factor of w and 123.
41
Suppose 2*f + 24 = -3*m - m, 5*f = -2*m - 28. Let p(u) = 8*u**2 + 4*u + 4. Let y be p(f). Let i = -71 + y. What is the greatest common factor of 9 and i?
9
Let o(b) be the third derivative of -3*b**4/2 - 4*b**3 - 25*b**2. Let c be o(-5). What is the greatest common factor of c and 13?
13
Let m be (-66)/(-10 - 1792/(-182)). Let j(w) = w**2 - 6*w + 12. Let v be j(9). What is the highest common factor of v and m?
39
Let b be 160/(-3) + (-26)/(-6) + -4. Let h = b + 61. Suppose 3*f - 217 = -1. Calculate the highest common factor of f and h.
8
Suppose 1130 = -12*s + 5546. Suppose -106*o + 104*o + s = 0. Calculate the greatest common divisor of 23 and o.
23
Let a(x) = 8690*x**2 - 430*x + 430. Let d be a(1). What is the highest common factor of 440 and d?
110
Let i(r) be the third derivative of -1/4*r**4 + 0*r - 7/6*r**3 + 30*r**2 + 0. Let n be i(-2). What is the highest common factor of n and 55?
5
Let z(n) = 2*n + 6. Let a be z(-3). Suppose 3*y - 2*y - 5*y = a. Let j be 3*2 - y/(-6). What is the greatest common divisor of 6 and j?
6
Suppose 1108492 = 1429*k - 424*k + 172837. Suppose 2*c + 87 = 5*a, 82 - 10 = 4*a - c. What is the greatest common divisor of k and a?
19
Suppose -a = -5*a - 2*t - 264, 5*a + 3*t = -331. Let n = 93 + a. What is the greatest common divisor of n and 224?
28
Let x = 3583 - 3429. Calculate the greatest common divisor of 896 and x.
14
Let y = 3604 + -3274. What is the highest common divisor of 5 and y?
5
Suppose 30136 = 4*d + 2*a, 82*d + 15056 = 84*d - 2*a. Calculate the greatest common factor of 4 and d.
4
Suppose 0 = -25*u + 85705 + 25626 + 1369. What is the greatest common factor of 69 and u?
23
Suppose 27*k - 294 = 127*k - 2294. What is the greatest common divisor of 590 and k?
10
Let b(a) = 8*a + 47. Let w = 68 + -73. Let x be b(w). Suppose 0 = 4*g - 3*p - 118, 5*g + 0*g = p + 142. Calculate the greatest common divisor of g and x.
7
Let o(h) = 2 + 13*h - h**3 + 3 + 14*h**2 + 0*h**2. Let y be o(14). Let p = y + -77